 Give b(0).
-33
Let r = 56 + -85. Let x = 26 + r. Let m(z) be the third derivative of -z**5/60 - z**4/8 + 2*z**3/3 + 9*z**2. Calculate m(x).
4
Let z(w) = 85*w**3 + w**2 + 2*w + 2. Let u be 5/(-25) + (((-20)/(-25))/1)/(-1). Calculate z(u).
-84
Let m(p) be the second derivative of -p**5/20 - p**4/4 + 2*p. Suppose -528 = 69*i + 63*i + 44*i. Calculate m(i).
0
Let d(a) be the second derivative of 5*a**3/6 + 11*a**2 - 4*a - 67. Calculate d(-3).
7
Let m(g) = -14*g + 26. Let v(c) = -c**3 - 78*c**2 + 161*c + 85. Let l be v(-80). Determine m(l).
-44
Let r(l) be the third derivative of -7*l**2 + 0 + 1/60*l**5 + 3/8*l**4 - 7/6*l**3 + 0*l. Calculate r(-10).
3
Let o(u) be the first derivative of -3*u**2/2 - 9*u + 163. Let x = -492 + 486. Calculate o(x).
9
Suppose -4*y - 38 - 2 = 0. Let l = 6 + y. Let f(s) = 347*s**2 - 6 + 2 + 3*s - 2*s - 346*s**2. Give f(l).
8
Let y = -70 + 67. Let g(t) = 1. Let w(d) = 2*d + 4 - 1 - d - 5. Let x(h) = -4*g(h) - w(h). What is x(y)?
1
Suppose v + 12 = 2*q, 3*v + 0*q + 5*q + 36 = 0. Let o be (-22)/v - (4 + -5)/6. Let r(j) = j - 1. What is r(o)?
1
Let u = -22900 - -22908. Let a(n) = -n**3 + 7*n**2 + 7*n + 11. Determine a(u).
3
Let t(z) be the second derivative of 7*z**3/3 - 2*z. Suppose 45 = 5*k + 390. Let l = 67 + k. Determine t(l).
-28
Let m(v) = -v + 35. Let k = -5408 - -5418. Calculate m(k).
25
Let s be 2*1/((-28)/26 + 1). Let q = s + 29. Suppose 0 = 2*j + 3*i - 0*i + 4, 3*i - 21 = q*j. Let v(b) = b**2 + 6*b + 7. Determine v(j).
2
Let s(y) = y**3 + 9*y**2 + 8*y + 6. Suppose -3*x = -7*x - b - 36, 5*x - b + 45 = 0. Give s(x).
-66
Let n(x) = 5*x**3 + 5*x**2 - 39*x - 33. Let v(j) = 3*j**3 + 4*j**2 - 20*j - 17. Let q(m) = -4*n(m) + 7*v(m). Determine q(-3).
10
Let w(n) = -n**2 + 9*n + 67. Let f be 180/5*(-6)/(7 - 25) - -2. Calculate w(f).
-3
Let a(m) = 32 + 35 + 2*m - 86. Give a(7).
-5
Let c = 27 - 26. Let b = 4 + c. Let u be b*(-3)/(-4 - -7). Let a(z) = 2*z**2 + 6*z - 7. Give a(u).
13
Let b(x) = 13*x**2 - 77*x - 1. Let q be b(6). Let a(z) = -z**2 + 7. Let n(m) = m**2 + 6*m - 4 - 6*m. Let i(l) = q*n(l) + 3*a(l). Calculate i(3).
19
Let b(d) be the first derivative of 43 + 4*d - 2/3*d**3 + d**2. What is b(3)?
-8
Let a(g) be the first derivative of -g**2/2 - 8*g + 17. Let q be (4/6 + 0)/(-1*19/114). Calculate a(q).
-4
Suppose 4*p = d - 5*d - 12, 2*p + 2 = -4*d. Let n(u) = -1670948*u + 5*u**2 + u**3 + 4 + 835477*u + 835470*u. What is n(p)?
9
Let i(o) be the first derivative of o**4/4 + 5*o**3/3 - 5*o**2/2 - 8*o - 10. Suppose -q + 4 = 2, j - 3*q + 3 = 0. Suppose 26 = -j*v + 8. Calculate i(v).
-14
Let z(f) = f - 2. Let p = 157 - 166. Let x be 2/p + 14/63. What is z(x)?
-2
Suppose 5*a + 6 = -169. Let i = -21 - a. Let l(t) = -7 + i + 22*t - 6. Calculate l(-1).
-21
Let k(f) = -3*f - 75. Let t be k(-26). Let b(z) = -11*z**2 + 0 + 9*z**2 - 2*z**3 + 11*z**t - 2*z + 0*z**3 - 1. Give b(-1).
-10
Let j(o) = -o**2 + 7*o + 25. Suppose 0 = -77*u + 364 - 2 + 331. What is j(u)?
7
Suppose 7*z = 10*z + 165. Let x = z + 58. Let i(o) = -3*o - 3*o**x + 2*o + 5*o - 3*o**2 - 2 - 5*o. What is i(-2)?
12
Suppose o = 5*g - 9, -20*o + 21*o = 3*g - 7. Suppose 0 = 2*z + g + 5. Let u(f) be the first derivative of f**4/4 + 2*f**3/3 - f**2/2 - 1. What is u(z)?
-6
Let x(d) = 6*d + 12 - 10 + 4 - 5 - d. Let g be (-4)/(-14) + 10/14. Determine x(g).
6
Let c = 4 - 2. Let t(r) = r**2 + 3*r + 4*r**2 + 3 + 0*r**c + r**3. Let n(h) = -3*h**2 + 205*h - 3494. Let u be n(36). What is t(u)?
9
Let t(g) = -102*g**2 - 7*g + 3. Let l(z) = -120*z**2 - 8*z + 4. Let p(a) = -5*l(a) + 6*t(a). Calculate p(-1).
-12
Let j(c) = c - 1. Suppose 21*i = 17*i + 228. Let a = i + -52. Suppose -2*m = 4*f - 3*m - 22, f - a*m - 15 = 0. Give j(f).
4
Let v(f) = 3*f**2 + 41*f - 25. Let z(s) = -2*s**2 - 22*s + 12. Suppose 3*c - 7*r - 5 = -5*r, 30 = 2*c + 4*r. Let l(u) = c*z(u) + 3*v(u). Give l(10).
15
Suppose j - 2*h - 8 = 0, -2 = 2*h + 4. Let k(v) = 2 - v**2 + 16*v**2 + 14*v**2 + v + 24*v**2 - 49*v**2. Calculate k(j).
20
Let l(y) be the first derivative of -y**2/2 + 2*y + 37. Let p(o) = -8*o - 9. Let k = -29 - -27. Let w be p(k). Determine l(w).
-5
Let d(u) be the second derivative of -u**4/12 - 3*u**2/2 + 25944*u. Suppose 2*p + 3*v = -23, -6 = -5*p - 2*v - 36. Give d(p).
-19
Let h(r) = -89*r - 23 + 113 - 863*r**2 + 420*r**2 + 440*r**2. Determine h(1).
-2
Let z = -22 - -24. Let f(l) be the second derivative of -l**5/10 + l**4/12 - l**3/3 + 6303*l. Give f(z).
-16
Let f(v) = 4*v**2 + 2*v + 9. Let m(j) = -5*j**2 - 3*j - 10. Let c(y) = -6*f(y) - 5*m(y). Let z = -551 - -304. Let r = z - -242. Give c(r).
6
Let r(m) = 2 - 10 - m**3 + 0 - 2 + m**2 + 5. Determine r(2).
-9
Let b(m) be the third derivative of -m**6/120 - 7*m**5/12 + 3*m**4/2 - 3*m**3/2 + 755*m**2. Calculate b(-36).
-9
Let l(r) = r**3 - 5*r**2 - 3*r + 4. Suppose -252 = 3*o + 213. Let h = o + 161. Calculate l(h).
22
Let t(f) = f**2 - 18*f - 53. Suppose -d + 92 = 4*v + 21, -2*v + 33 = d. What is t(v)?
-34
Suppose -5 + 1 = 2*g. Let k(n) be the third derivative of n**6/60 + n**5/60 - n**4/8 - n**3/6 - 39449*n**2. Give k(g).
-7
Let c(r) = 8*r + 78. Suppose 0 = 24*p + 176 + 88. Give c(p).
-10
Let l = -21877 + 21882. Let n(y) be the first derivative of -22 - l*y - 1/3*y**3 + 3/2*y**2. Give n(5).
-15
Let r = 11 - 4. Let d(k) be the third derivative of k**5/120 - k**4/6 - 70*k**3/3 - 27*k**2 - 9*k. Let l(z) be the first derivative of d(z). Determine l(r).
3
Let s(t) = -t**2 - 8*t - 7. Let m be (-1)/(-3) + (140/6)/5. Suppose 32 = m*n + 3*n. Let v(j) = j**3 - 5*j**2 + 3*j - 3. Let r be v(n). What is s(r)?
0
Suppose -92*y - 337*y = 0. Let o(l) = l**3 - 5*l**2 + l - 8. What is o(y)?
-8
Suppose 4*g - 2*v - 46 = 0, 0 = g - 3*v - 14 + 15. Let w(h) = 41*h - 569. Calculate w(g).
5
Let i(z) = 9 - z + 7 + 9 - 31 + 5. Let q be (6/8)/((-6)/(-16)). Suppose 5*a - 25 = -2*g, -3*a + 2*g - 7 = -q*a. Give i(a).
-4
Let n(i) = 18*i - 4. Let t(o) = -53*o + 79. Let c(a) = 2*n(a) + t(a). Calculate c(4).
3
Suppose 1182*h - 1163*h - 159 = 31. Let j(l) = l**2 - 6*l - 46. Calculate j(h).
-6
Let b(g) = g**2 - 3*g - 4. Let z be b(5). Suppose -c + z*r - 10 = r, -c + r = -2. Let j(s) = c*s**3 - 5*s**2 - 3*s**2 + 9*s**2 - 2*s**2. Calculate j(-1).
-6
Let q(o) = o**3 + 15*o**2 - 33*o - 15. Let g be (-16)/(-12)*(-2397)/188. What is q(g)?
-32
Let x(a) = a**2 - 6. Let q = -7261 - -7265. What is x(q)?
10
Let t(w) = -2*w + 23. Let o(z) = -4*z + 45. Let n(d) = 2*o(d) - 5*t(d). Calculate n(16).
7
Let s(i) = i**3 - 9*i**2 - 23*i + 23. Let o(h) = -h**3 + 10*h**2 + 24*h - 21. Let g(m) = -3*o(m) - 4*s(m). What is g(7)?
62
Let c = 138 + -895. Let t = c - -759. Let z(v) = -4*v**3 + 3*v**2 - v + 1. What is z(t)?
-21
Let d = -2120 - -2117. Let r(b) = 2*b - 1 + 3*b**2 - 5 - b**3 - 7*b**2 + 2. Give r(d).
-19
Let t(o) be the first derivative of o**4/4 + 2*o**3 - o**2 - 5*o + 1. Suppose -16 = -10*u + 24. Let q be (10/(-3) + u)*-9. Calculate t(q).
7
Let f(c) be the third derivative of 0*c - 67*c**2 + 0 - 1/24*c**4 + 7/6*c**3 - 1/60*c**5. Determine f(3).
-5
Suppose 3*p + 30 = 13*p. Suppose 0*b - 2*v = b - 2, b + p*v = 5. Let k(u) = u**2 + 4*u + 3. What is k(b)?
3
Suppose 2*t = 3*t + 60. Let b be (-10)/455*-7 + (-4105)/65. Let m = t - b. Let z(i) = -4*i - 4. What is z(m)?
-16
Let y(f) = 14 - 3*f + 2*f + 0*f. Let k be y(13). Let l(j) = -3 + j**2 - 1 + 5 - 2*j**2 - 5*j**3. Give l(k).
-5
Let c(t) = t**3 - 6 - 2 + 4. Suppose 109 = 6*l + 91. Suppose -m + l*m = -3*m. Determine c(m).
-4
Let h(r) = 172*r**2 - 6*r + 11. Let m(s) = -2*s**2 - 2. Let p(j) = h(j) + 6*m(j). Give p(-1).
165
Let b(h) = -30. Let y(u) = -u + 45. Let a(o) = 5*b(o) + 3*y(o). Give a(16).
-63
Let y(x) = x**2 - 1. Suppose 0 = 5*t - 2*q - 302, -2*q = -13*t + 12*t + 62. Let j be (-1*(0 + 2))/(t/150). What is y(j)?
24
Let z(b) be the second derivative of b**4/6 - b**3/2 - 6*b**2 - 49*b - 2. Give z(4).
8
Let n(v) = -96*v - 387. Let d be n(-4). Let o(b) = b**3 + 5*b**2 + 11*b + 16. What is o(d)?
1
Let o(t) = t**2 + 6*t - 3. Suppose 7*q = 3*q + 52. Suppose -46 = -5*g + 3*n, 2 = -9*n + 8*n. Let m = g - q. What is o(m)?
-8
Suppose 0 = -z - 2*a + 5, 0 = z - 2*a + 4 - 9. Let v be z/1 - (19 - 21). Let s(i) = -v - 20*i + 41*i - 22*i. Give s(-5).
-2
Suppose -11900 + 11924 = -24*o. Let j(x) = -8*x**2 - 2*x - 3. Give j(o).
-9
Suppose 2*v - 12 = 2*d + 14, -2*v = 4*d +